{"id":2249,"date":"2020-05-04T11:58:57","date_gmt":"2020-05-04T11:58:57","guid":{"rendered":"https:\/\/viumontserrat.com\/?page_id=2249"},"modified":"2020-06-27T09:46:21","modified_gmt":"2020-06-27T09:46:21","slug":"la-casa","status":"publish","type":"page","link":"https:\/\/viumontserrat.com\/index.php\/la-casa\/","title":{"rendered":"La casa"},"content":{"rendered":"<p>[vc_row][vc_column width=&#8221;2\/3&#8243;][vc_column_text]<\/p>\n<h1>La casa<\/h1>\n<p>[\/vc_column_text][vc_column_text]Cal Jepet de la Calsina \u00e9s una casa de Sant Crist\u00f2fol, edificada l&#8217;any 1822 per un descendent de La Calsina. La seva construcci\u00f3 es va fer adossada i paral\u00b7lela a la de Cal Francisco de la Calsina, ja que eren germans. Jepet \u00e9s el diminutiu de Jep, una de les formes derivades de Josep.<\/p>\n<p>A la part posterior de la casa hi ha un hort amb animals de corral.<\/p>\n<p>La casa compta amb tres habitaci\u00f3, amb capacitat per a cinc persones adultes. Dues de les habitacions-suit tenen llit doble i bany complet. L&#8217;altra habitaci\u00f3 doble t\u00e9 dos llits individuals i el bany al costat. Tamb\u00e9 hi ha la possibilitat d&#8217;afegir un llit infantil a cada habitaci\u00f3.<\/p>\n<p>La casa c<span class=\"tlid-translation translation\" lang=\"ca\"><span class=\"\" title=\"\">onserva l\u2019ess\u00e8ncia d\u2019una casa de camp, amb el seu jard\u00ed i una petita granja.<\/span> <span class=\"\" title=\"\">La majoria de verdures i fruites i ous s\u00f3n ecol\u00f2gics.<\/span><\/span><\/p>\n<div>\n<div>\n<div>\n<div class=\"_kj7i925\">\n<div>\n<section>\n<div>\n<h2 class=\"_1p3joamp\">Espais<\/h2>\n<\/div>\n<div>\n<div>\n<div dir=\"ltr\">\n<p class=\"_6z3til\"><span class=\"_czm8crp\"><span class=\"tlid-translation translation\" lang=\"ca\"><span title=\"\">Les parts comunes per a tots els convidats s\u00f3n:<\/span><\/span><\/span><\/p>\n<ul>\n<li class=\"_6z3til\"><span class=\"_czm8crp\"><span class=\"tlid-translation translation\" lang=\"ca\"><span title=\"\">El segon pis, una sala d\u2019estar a prop de les habitacions i el sol\u00e0rium si est\u00e0 disponible.<\/span><\/span><\/span><\/li>\n<li class=\"_6z3til\"><span class=\"_czm8crp\"><span class=\"tlid-translation translation\" lang=\"ca\"><span title=\"\">El primer pis, 2 menjadors, 1 cuina, 2 terrasses.<\/span><\/span><\/span><\/li>\n<li class=\"_6z3til\"><span class=\"_czm8crp\"><span class=\"tlid-translation translation\" lang=\"ca\"><span title=\"\">La planta baixa, el jard\u00ed i la granja&#8230;<\/span><br \/>\n<\/span><\/span><\/li>\n<\/ul>\n<\/div>\n<\/div>\n<\/div>\n<\/section>\n<\/div>\n<\/div>\n<\/div>\n<\/div>\n<\/div>\n<p>[\/vc_column_text][\/vc_column][vc_column width=&#8221;1\/3&#8243;][vc_empty_space height=&#8221;60px&#8221;][vc_images_carousel images=&#8221;2388&#8243; img_size=&#8221;medium&#8221; mode=&#8221;vertical&#8221; autoplay=&#8221;yes&#8221; wrap=&#8221;yes&#8221; css_animation=&#8221;fadeIn&#8221;][vc_column_text css=&#8221;.vc_custom_1593251179650{margin-top: -20px !important;}&#8221;]<em>La iaia Pepa venent mat\u00f3 de cabra a Montserrat, cap al 1960<\/em>[\/vc_column_text][vc_empty_space][vc_raw_html]JTNDdmlkZW8lMjB3aWR0aCUzRCUyMjEwMCUyNSUyMiUyMGNvbnRyb2xzJTIwYXV0b3BsYXklM0QlMjJhdXRvcGxheSUyMiUyMG11dGVkJTNFJTBBJTIwJTIwJTNDc291cmNlJTIwc3JjJTNEJTIyaHR0cHMlM0ElMkYlMkZ2aXVtb250c2VycmF0LmNvbSUyRndwLWNvbnRlbnQlMkZ1cGxvYWRzJTJGMjAyMCUyRjA1JTJGdmlkZW8xLm1wNCUyMiUyMHR5cGUlM0QlMjJ2aWRlbyUyRm1wNCUyMiUzRSUwQSUzQyUyRnZpZGVvJTNFJTIw[\/vc_raw_html][vc_column_text][\/vc_column_text][\/vc_column][\/vc_row][vc_row][vc_column][vc_column_text]<\/p>\n<h2><span class=\"_czm8crp\"><span class=\"tlid-translation translation\" lang=\"ca\"><span title=\"\">Altres aspectes a destacar<\/span><\/span><\/span><\/h2>\n<p><span title=\"\">En aquest entorn de pau i tranquil\u00b7litat podeu observar la natura viva que us convidar\u00e0 a relaxar-vos i a gaudir d\u2019unes vacances merescudes.<\/span><\/p>\n<p><span class=\"_czm8crp\"><span class=\"tlid-translation translation\" lang=\"ca\"><span title=\"\">M\u2019<\/span><\/span><\/span><span class=\"_czm8crp\"><span class=\"tlid-translation translation\" lang=\"ca\"><span title=\"\">interessa con\u00e8ixer i compartir experi\u00e8ncies amb persones d\u2019arreu del m\u00f3n.<\/span> <span title=\"\">Ser\u00e0 un honor donar-vos la benvinguda a casa meva i mostrar-vos la meva cultura i entorn.<\/span><\/span><\/span>[\/vc_column_text][\/vc_column][\/vc_row]<\/p>\n","protected":false},"excerpt":{"rendered":"<p>[vc_row][vc_column width=&#8221;2\/3&#8243;][vc_column_text] La casa [\/vc_column_text][vc_column_text]Cal Jepet de la Calsina \u00e9s una casa de Sant Crist\u00f2fol, edificada l&#8217;any 1822 per un descendent de La Calsina. La seva construcci\u00f3 es va fer adossada i paral\u00b7lela a la de Cal Francisco de la Calsina, ja que eren germans. Jepet \u00e9s el diminutiu de Jep, una de les formes [&hellip;]<\/p>\n","protected":false},"author":1,"featured_media":2103,"parent":0,"menu_order":0,"comment_status":"closed","ping_status":"closed","template":"","meta":{"footnotes":""},"class_list":["post-2249","page","type-page","status-publish","has-post-thumbnail","hentry"],"_links":{"self":[{"href":"https:\/\/viumontserrat.com\/index.php\/wp-json\/wp\/v2\/pages\/2249","targetHints":{"allow":["GET"]}}],"collection":[{"href":"https:\/\/viumontserrat.com\/index.php\/wp-json\/wp\/v2\/pages"}],"about":[{"href":"https:\/\/viumontserrat.com\/index.php\/wp-json\/wp\/v2\/types\/page"}],"author":[{"embeddable":true,"href":"https:\/\/viumontserrat.com\/index.php\/wp-json\/wp\/v2\/users\/1"}],"replies":[{"embeddable":true,"href":"https:\/\/viumontserrat.com\/index.php\/wp-json\/wp\/v2\/comments?post=2249"}],"version-history":[{"count":37,"href":"https:\/\/viumontserrat.com\/index.php\/wp-json\/wp\/v2\/pages\/2249\/revisions"}],"predecessor-version":[{"id":2395,"href":"https:\/\/viumontserrat.com\/index.php\/wp-json\/wp\/v2\/pages\/2249\/revisions\/2395"}],"wp:featuredmedia":[{"embeddable":true,"href":"https:\/\/viumontserrat.com\/index.php\/wp-json\/wp\/v2\/media\/2103"}],"wp:attachment":[{"href":"https:\/\/viumontserrat.com\/index.php\/wp-json\/wp\/v2\/media?parent=2249"}],"curies":[{"name":"wp","href":"https:\/\/api.w.org\/{rel}","templated":true}]}}

<p>[vc_row][vc_column width=&#8221;2/3&#8243;][vc_column_text]</p>
<h1>La casa</h1>
<p>[/vc_column_text][vc_column_text]Cal Jepet de la Calsina és una casa de Sant Cristòfol, edificada l&#8217;any 1822 per un descendent de La Calsina. La seva construcció es va fer adossada i paral·lela a la de Cal Francisco de la Calsina, ja que eren germans. Jepet és el diminutiu de Jep, una de les formes derivades de Josep.</p>
<p>A la part posterior de la casa hi ha un hort amb animals de corral.</p>
<p>La casa compta amb tres habitació, amb capacitat per a cinc persones adultes. Dues de les habitacions-suit tenen llit doble i bany complet. L&#8217;altra habitació doble té dos llits individuals i el bany al costat. També hi ha la possibilitat d&#8217;afegir un llit infantil a cada habitació.</p>
<p>La casa c<span class="tlid-translation translation" lang="ca"><span class="" title="">onserva l’essència d’una casa de camp, amb el seu jardí i una petita granja.</span> <span class="" title="">La majoria de verdures i fruites i ous són ecològics.</span></span></p>
<div>
<div>
<div>
<div class="_kj7i925">
<div>
<section>
<div>
<h2 class="_1p3joamp">Espais</h2>
</div>
<div>
<div>
<div dir="ltr">
<p class="_6z3til"><span class="_czm8crp"><span class="tlid-translation translation" lang="ca"><span title="">Les parts comunes per a tots els convidats són:</span></span></span></p>
<ul>
<li class="_6z3til"><span class="_czm8crp"><span class="tlid-translation translation" lang="ca"><span title="">El segon pis, una sala d’estar a prop de les habitacions i el solàrium si està disponible.</span></span></span></li>
<li class="_6z3til"><span class="_czm8crp"><span class="tlid-translation translation" lang="ca"><span title="">El primer pis, 2 menjadors, 1 cuina, 2 terrasses.</span></span></span></li>
<li class="_6z3til"><span class="_czm8crp"><span class="tlid-translation translation" lang="ca"><span title="">La planta baixa, el jardí i la granja&#8230;</span><br />
</span></span></li>
</ul>
</div>
</div>
</div>
</section>
</div>
</div>
</div>
</div>
</div>
<p>[/vc_column_text][/vc_column][vc_column width=&#8221;1/3&#8243;][vc_empty_space height=&#8221;60px&#8221;][vc_images_carousel images=&#8221;2388&#8243; img_size=&#8221;medium&#8221; mode=&#8221;vertical&#8221; autoplay=&#8221;yes&#8221; wrap=&#8221;yes&#8221; css_animation=&#8221;fadeIn&#8221;][vc_column_text css=&#8221;.vc_custom_1593251179650{margin-top: -20px !important;}&#8221;]<em>La iaia Pepa venent mató de cabra a Montserrat, cap al 1960</em>[/vc_column_text][vc_empty_space][vc_raw_html]JTNDdmlkZW8lMjB3aWR0aCUzRCUyMjEwMCUyNSUyMiUyMGNvbnRyb2xzJTIwYXV0b3BsYXklM0QlMjJhdXRvcGxheSUyMiUyMG11dGVkJTNFJTBBJTIwJTIwJTNDc291cmNlJTIwc3JjJTNEJTIyaHR0cHMlM0ElMkYlMkZ2aXVtb250c2VycmF0LmNvbSUyRndwLWNvbnRlbnQlMkZ1cGxvYWRzJTJGMjAyMCUyRjA1JTJGdmlkZW8xLm1wNCUyMiUyMHR5cGUlM0QlMjJ2aWRlbyUyRm1wNCUyMiUzRSUwQSUzQyUyRnZpZGVvJTNFJTIw[/vc_raw_html][vc_column_text][/vc_column_text][/vc_column][/vc_row][vc_row][vc_column][vc_column_text]</p>
<h2><span class="_czm8crp"><span class="tlid-translation translation" lang="ca"><span title="">Altres aspectes a destacar</span></span></span></h2>
<p><span title="">En aquest entorn de pau i tranquil·litat podeu observar la natura viva que us convidarà a relaxar-vos i a gaudir d’unes vacances merescudes.</span></p>
<p><span class="_czm8crp"><span class="tlid-translation translation" lang="ca"><span title="">M’</span></span></span><span class="_czm8crp"><span class="tlid-translation translation" lang="ca"><span title="">interessa conèixer i compartir experiències amb persones d’arreu del món.</span> <span title="">Serà un honor donar-vos la benvinguda a casa meva i mostrar-vos la meva cultura i entorn.</span></span></span>[/vc_column_text][/vc_column][/vc_row]</p>

<p>[vc_row][vc_column width=&#8221;2/3&#8243;][vc_column_text] La casa [/vc_column_text][vc_column_text]Cal Jepet de la Calsina és una casa de Sant Cristòfol, edificada l&#8217;any 1822 per un descendent de La Calsina. La seva construcció es va fer adossada i paral·lela a la de Cal Francisco de la Calsina, ja que eren germans. Jepet és el diminutiu de Jep, una de les formes [&hellip;]</p>
